et n = -395 - -716. Let r = n - 286. Calculate the highest common factor of 45 and r.
5
Let w be (-64 + 54)/(0/(-1) + (-5)/78). Let o = 2 + 22. What is the highest common divisor of w and o?
12
Let h be 12/78 + 8312/52. Let a = -14 - -24. What is the highest common factor of a and h?
10
Let r = -40 - -52. Let l = -9 + r. Suppose -4*g - 28 = -3*v + g, -5*v + l*g = -52. Calculate the greatest common divisor of 33 and v.
11
Let y be 22/4 - 2/4. Let q(d) = -8*d + 29. Let f be q(3). Suppose f*v = 275 - 175. What is the greatest common divisor of y and v?
5
Suppose 2*h - 142 = 2*g, -2*g + 377 = 5*h + 29. Let j be (-308)/88*20/(-7). Calculate the greatest common divisor of h and j.
10
Suppose 4*h = 5*y + 79, 0*y + 3*h = -2*y - 50. Let l = 63 + y. Suppose -5*m - 3 = 4*t + 6, 0 = -2*t + m + 13. What is the highest common factor of t and l?
4
Suppose 0*n = -4*n + 2*n. Suppose 2*f + 5*q - 209 = 0, -3*f + q + 71 + 268 = n. What is the greatest common divisor of 64 and f?
16
Suppose 127463 = 61*c - 138009. What is the greatest common divisor of c and 224?
32
Let g = 4 - 1. Let n be (2 - 2) + (-44)/(-77)*7. Suppose -5*j = n*a - 229, g*a + 0*a - 2*j = 166. What is the greatest common factor of 8 and a?
8
Suppose -10*w + 111386 = 51*w. Calculate the greatest common divisor of 22 and w.
22
Let v = 449197 + -448461. Let f(y) = 8*y**2 + y - 2. Let k be f(2). Calculate the highest common factor of k and v.
32
Let m be 2/(-9) - 33719/(-63). Let z = m + -301. Suppose d + 1 = 0, -6*f - 76 = -9*f - 2*d. What is the greatest common factor of f and z?
26
Let j(p) = -12*p - 194. Let w be j(-36). Suppose -3*z = -4*x - 204, -x + 16 = 4*z - 256. Calculate the highest common factor of w and z.
34
Let t be 6/(-12) + (159/2)/(-3). Let j = 13 - t. Calculate the greatest common factor of j and 80.
40
Let f(d) = 2*d**3 - 9*d**2 + 2*d + 10. Let r be f(4). Suppose -h - 116 = 4*i - 336, r*h + 55 = i. Calculate the greatest common factor of 10 and i.
5
Let d(y) = -3 - 3 + 33*y - 152*y + 73*y. Let h be d(-3). Suppose -q + 169 = 5*u, -u + 0*u - 3*q = -45. What is the highest common divisor of h and u?
33
Let r be 15/(-1)*(-5 + 6)*-12. Let y be 81 - (2 + -3 + (3 - 1)). Calculate the greatest common factor of r and y.
20
Suppose 3*z = 3*p - 243, p - 3*z - 87 = -4*z. Suppose 4*f = -s + p + 95, 2*f + 3*s = 77. Let b = -12 + f. Calculate the greatest common factor of 238 and b.
34
Let b(g) = g**3 - 3*g**2 - 4*g - 15. Let n(j) = -4*j - 63. Let y be n(-17). Let r be b(y). What is the highest common factor of 15 and r?
15
Suppose 25 = 5*b, 10*k - b - 125 = 2*b. What is the highest common factor of k and 14182?
14
Let g = 5458 + -2308. Suppose -8*k + 2*k + g = 0. Calculate the highest common divisor of k and 21.
21
Suppose 5*z - 5*l = -3*l + 15, -3*z = l - 20. Suppose -303 - 1713 = -z*v + 3*o, -12 = -4*o. What is the highest common divisor of 15 and v?
15
Let c be ((-4)/5)/(4 + (-84)/20). Suppose 2*u + 10 = 0, -c*u + 2 - 22 = 4*p. Let b be 9 + (-1 - p) + 2. Calculate the highest common divisor of b and 50.
10
Let g(z) = 5*z - 14. Let w be g(4). Let h be 0*w/18 + 14. Suppose 0 = -3*t - 15, 46 = 2*m + 2*m + 2*t. What is the greatest common factor of m and h?
14
Let p = -4315 + 4320. Calculate the highest common factor of 3305 and p.
5
Let y = -312 + 448. Let g be 172/10 - y/(-170). Suppose 4*x = -4 + 52. What is the greatest common factor of g and x?
6
Let t(n) = n**2 + 46*n - 174. Let i be t(-51). Let p = 9 - 0. Calculate the highest common divisor of i and p.
9
Let y(r) = -7*r**2 - 36*r - 54. Let m(l) = 8*l**2 + 37*l + 56. Let g(h) = -5*m(h) - 6*y(h). Let t be g(-14). Calculate the highest common factor of 16 and t.
2
Suppose 3*o + 6*l = 4*l + 8, -3*l + 12 = 5*o. Suppose o = 80*t - 86*t + 54. Calculate the greatest common factor of 5 and t.
1
Let v be 13 + (-1725)/135 - 104/(-18). Calculate the greatest common factor of v and 11952.
6
Let q(b) = -610*b - 5448. Let t be q(-9). What is the greatest common factor of t and 52878?
42
Let f = 18 - 10. Let o be ((-45)/20)/(1/(32/(-3))). Suppose f*h - 24 = o. What is the greatest common divisor of 6 and h?
6
Let v be (-16)/8 + 6121 - 13. Calculate the greatest common factor of 142 and v.
142
Suppose -4*p = 2*t + 8, 8 = -4*p + 11*t - 15*t. Let i be 53 - p*((-10)/4)/(-1). What is the highest common factor of i and 58?
58
Let c(n) = 6*n - 84. Let r(o) = 6*o - 84. Let g(b) = -5*c(b) + 6*r(b). Let u be g(16). What is the greatest common factor of u and 8?
4
Suppose 9*c - 5*c = 576. Let b be (-108)/c*(-1 - 7*1). Suppose 2*l = 4*l + n - b, 4*l + 3*n - 10 = 0. Calculate the greatest common divisor of 2 and l.
2
Let u = -13737 + 14252. What is the greatest common divisor of 20 and u?
5
Let u(p) = 26*p - 312. Let i be u(19). What is the highest common divisor of i and 168?
14
Suppose -1196*z = -1199*z + 90. What is the highest common factor of z and 4040?
10
Let q be ((-24)/15)/((-2)/20). Let l be 9/(108/64)*-3. Let m = l - -48. Calculate the greatest common factor of m and q.
16
Suppose -9*t + t = -1920. Let k = t - -35. Calculate the highest common divisor of 110 and k.
55
Let m be 15*20*(-9)/(-360)*(-2)/(-3). Let f = -8 - -8. Suppose f = 5*p + 63 - 288. What is the greatest common divisor of p and m?
5
Suppose q - 227 = 3*p, 4*q = 1983*p - 1986*p + 923. Calculate the greatest common factor of 7245 and q.
115
Suppose -417*t = -419*t + 8. Let u be 3/t*(32 - 20). Suppose 3*g - 103 = 32. What is the greatest common factor of g and u?
9
Suppose -52*q + 273889 = 15137. Calculate the highest common divisor of 160 and q.
16
Let a be (-9)/((-15 - -35)/(-420)). Calculate the greatest common factor of a and 5238.
27
Let o = 324 - 145. Let q = o + -148. Calculate the highest common factor of q and 496.
31
Let a = -8906 - -8934. Let o(r) = 10*r - 26*r - 5*r + 8 - 15*r. Let d be o(-6). Calculate the highest common divisor of a and d.
28
Suppose 0 = -8*d + 3*d + 640. Let l = -98259 + 98275. Calculate the greatest common divisor of l and d.
16
Let b(s) = s - 8. Let q(f) = f**2 - f - 26. Let t be q(6). Let v be b(t). Let u(x) = -4*x + 3. Let i be u(v). Calculate the greatest common factor of 95 and i.
19
Suppose 0 = -63*y + 52*y + 63*y - 304616. What is the greatest common factor of y and 290?
58
Let y(a) = -263*a - 17825. Let r be y(-68). What is the highest common factor of r and 36875?
59
Let u = 72 + -67. Suppose -4*w + u*w = 366. Suppose -n = 4*x - 98, 0 = -7*n + 3*n - 3*x + w. Calculate the greatest common divisor of 30 and n.
30
Let x be 33/((8 - 3) + -2). Let u = 20 - x. Let v = u - 0. What is the greatest common divisor of v and 72?
9
Let n = -5629 - -5746. What is the greatest common divisor of n and 15?
3
Let v = -8646 - -8659. Calculate the highest common factor of 1209 and v.
13
Let v(c) = -c**2 - 8*c + 7. Suppose -6*g - 21 = -3*g. Let n be v(g). Let j = -421 + 575. What is the highest common factor of n and j?
14
Suppose -3*p + 11*q + 12602 = 16*q, -4*p + 16763 = q. Calculate the highest common divisor of p and 177.
59
Let l(u) = 27*u**2 - 26*u - 60. Let p be l(-2). What is the greatest common divisor of 1960 and p?
20
Let l = 8559 + -8558. What is the highest common factor of 3101 and l?
1
Let q = 64 - 52. Let z(f) = 9*f - 9. Let i be z(3). Suppose i + 30 = 4*s. What is the greatest common factor of s and q?
12
Let f(v) be the second derivative of -10*v - 10*v**2 - 1/12*v**4 + 0 + 19/6*v**3. Let d be f(17). What is the highest common factor of d and 42?
14
Let g be (-3)/(-6)*(88 - 2). Let t = 45 + g. Calculate the greatest common factor of 8 and t.
8
Let n be (6/1)/2*(-756)/(-42). Let u be (7/(-3) + 4)/(2/n). Calculate the highest common factor of u and 9.
9
Suppose -4*u + 187 = -4*c + 7, -4*c = -5*u + 226. Let x be 8 - (-8262)/135 - 2/10. Calculate the highest common factor of x and u.
23
Let t = -3288 - -3217. Let o = 206 + -129. Let y = o + t. Calculate the highest common divisor of 48 and y.
6
Let d = 4825 + -4635. Calculate the greatest common factor of 10 and d.
10
Let u(l) = -4*l**3 - 10*l**2 + 20*l + 68. Let f be u(-3). What is the greatest common factor of 2327 and f?
13
Suppose -26*t = -438 + 178. Suppose p + 2*i - 310 = 0, 15*p - 20*p - i = -1595. Calculate the greatest common divisor of p and t.
10
Let b(t) = -6*t**3 - 2*t**2 - 2*t - 1. Let o 